2
What is -2c (base 15) in base 13?
-33
Convert 42 (base 15) to base 12.
52
-12 (base 13) to base 4
-33
Convert 64 (base 11) to base 9.
77
What is 25 (base 6) in base 10?
17
What is -3 (base 15) in base 7?
-3
Convert 2 (base 8) to base 2.
10
Convert -44 (base 14) to base 8.
-74
What is 10 (base 4) in base 15?
4
Convert -20 (base 9) to base 2.
-10010
-10 (base 9) to base 6
-13
Convert -232 (base 7) to base 3.
-11111
Convert -30 (base 12) to base 13.
-2a
Convert -1 (base 2) to base 9.
-1
Convert 12 (base 6) to base 8.
10
Convert 41 (base 16) to base 5.
230
What is 13 (base 4) in base 7?
10
d (base 16) to base 4
31
-4 (base 12) to base 13
-4
What is 17 (base 12) in base 15?
14
Convert -2 (base 6) to base 5.
-2
-2 (base 10) to base 7
-2
-77 (base 16) to base 8
-167
What is 5 (base 6) in base 8?
5
Convert -2 (base 6) to base 14.
-2
What is 6 (base 7) in base 11?
6
What is -a (base 13) in base 14?
-a
Convert 69 (base 12) to base 14.
5b
-26 (base 9) to base 8
-30
4 (base 15) to base 8
4
17 (base 11) to base 10
18
2021 (base 3) to base 5
221
Convert -6 (base 15) to base 7.
-6
What is -31 (base 4) in base 6?
-21
-36 (base 10) to base 11
-33
Convert -7 (base 16) to base 4.
-13
Convert -59 (base 10) to base 12.
-4b
What is 7 (base 12) in base 9?
7
-5 (base 16) to base 7
-5
Convert 12b (base 15) to base 2.
100001010
What is 2 (base 10) in base 9?
2
What is 110 (base 2) in base 7?
6
What is -4 (base 13) in base 9?
-4
What is 3 (base 12) in base 10?
3
What is 1b (base 14) in base 16?
19
What is -71 (base 11) in base 13?
-60
-11 (base 5) to base 7
-6
a6 (base 12) to base 3
11200
a (base 12) to base 13
a
What is 176 (base 8) in base 10?
126
What is -23 (base 9) in base 7?
-30
11 (base 9) to base 7
13
What is 0 (base 12) in base 15?
0
What is -20 (base 3) in base 5?
-11
6 (base 12) to base 6
10
Convert -75 (base 13) to base 4.
-1200
What is 2012 (base 3) in base 6?
135
0 (base 4) to base 13
0
0 (base 6) to base 15
0
-1011101 (base 2) to base 15
-63
What is 212 (base 5) in base 7?
111
Convert 402 (base 6) to base 16.
92
Convert -1 (base 10) to base 15.
-1
Convert 7 (base 16) to base 8.
7
Convert -22 (base 8) to base 13.
-15
What is 1 (base 5) in base 15?
1
-2 (base 15) to base 2
-10
35 (base 15) to base 12
42
What is -3 (base 10) in base 14?
-3
-7 (base 15) to base 7
-10
-12 (base 11) to base 7
-16
Convert -17 (base 8) to base 13.
-12
What is 0 (base 8) in base 13?
0
6 (base 16) to base 3
20
Convert -10 (base 4) to base 6.
-4
1001011 (base 2) to base 3
2210
-6 (base 8) to base 16
-6
Convert -12 (base 12) to base 11.
-13
What is 0 (base 16) in base 11?
0
What is 101 (base 2) in base 16?
5
Convert 30 (base 7) to base 3.
210
What is -63 (base 8) in base 5?
-201
What is -45 (base 14) in base 8?
-75
Convert 5 (base 9) to base 10.
5
What is -300 (base 4) in base 11?
-44
41 (base 7) to base 12
25
Convert -101110 (base 2) to base 8.
-56
122 (base 5) to base 9
41
Convert 1a (base 13) to base 12.
1b
Convert 7 (base 16) to base 15.
7
What is 3 (base 12) in base 3?
10
Convert -207 (base 10) to base 2.
-11001111
Convert 203 (base 4) to base 8.
43
-101 (base 3) to base 4
-22
Convert 6 (base 13) to base 16.
6
-4 (base 7) to base 10
-4
7 (base 14) to base 12
7
What is 404 (base 5) in base 12?
88
What is -84 (base 15) in base 11?
-103
-11 (base 11) to base 7
-15
What is -2 (base 3) in base 11?
-2
-1100 (base 2) to base 12
-10
Convert 3 (base 5) to base 8.
3
1 (base 13) to base 15
1
What is -10 (base 13) in base 12?
-11
What is 146 (base 8) in base 16?
66
-55 (base 10) to base 3
-2001
What is -1001 (base 4) in base 8?
-101
13 (base 4) to base 13
7
Convert 21 (base 4) to base 16.
9
-2 (base 14) to base 9
-2
-225 (base 6) to base 10
-89
Convert 1016 (base 7) to base 15.
18b
-1a (base 15) to base 2
-11001
2b (base 16) to base 12
37
Convert -15 (base 7) to base 15.
-c
202 (base 7) to base 16
64
What is 9 (base 11) in base 5?
14
Convert -6 (base 16) to base 5.
-11
-1201 (base 5) to base 8
-260
Convert -2 (base 7) to base 4.
-2
Convert 4 (base 13) to base 5.
4
What is -2202 (base 3) in base 8?
-112
What is -4 (base 8) in base 11?
-4
What is -110 (base 2) in base 6?
-10
Convert 4 (base 15) to base 12.
4
What is 1 (base 10) in base 3?
1
What is -6 (base 9) in base 8?
-6
What is 1 (base 16) in base 5?
1
42 (base 5) to base 14
18
-5 (base 14) to base 9
-5
-6 (base 11) to base 5
-11
What is 3 (base 4) in base 9?
3
Convert 11 (base 3) to base 8.
4
Convert 1 (base 8) to base 3.
1
What is 1 (base 3) in base 13?
1
Convert 33 (base 10) to base 2.
100001
What is -2 (base 8) in base 2?
-10
What is -26 (base 7) in base 3?
-202
Convert 1a (base 11) to base 3.
210
45 (base 13) to base 3
2010
-163 (base 8) to base 15
-7a
1 (base 15) to base 3
1
-1 (base 2) to base 13
-1
151 (base 6) to base 4
1003
What is 2001 (base 3) in base 5?
210
What is f (base 16) in base 11?
14
What is -11 (base 11) in base 14?
-c
-126 (base 9) to base 3
-10220
Convert 132 (base 5) to base 14.
30
Convert -20 (base 4) to base 3.
-22
55 (base 11) to base 8
74
What is -3d (base 15) in base 7?
-112
Convert -2 (base 3) to base 6.
-2
44 (base 7) to base 8
40
What is -101011 (base 2) in base 10?
-43
-1 (base 13) to base 12
-1
-10 (base 15) to base 16
-f
b (base 16) to base 12
b
Convert 10 (base 13) to base 9.
14
Convert 15 (base 13) to base 16.
12
206 (base 7) to base 4
1220
What is 100 (base 16) in base 8?
400
Convert 10 (base 2) to base 8.
2
Convert 23 (base 4) to base 5.
21
11 (base 6) to base 4
13
-1 (base 2) to base 14
-1
What is -58 (base 16) in base 10?
-88
-220 (base 3) to base 8
-30
Convert -135 (base 13) to base 9.
-256
What is -8 (base 9) in base 10?
-8
Convert 11 (base 6) to base 4.
13
What is 1022 (base 3) in base 13?
29
What is 2 (base 3) in base 11?
2
-3 (base 9) to base 4
-3
4 (base 6) to base 15
4
Convert 1010111 (base 2) to base 12.
73
-232 (base 7) to base 3
-11111
What is -3 (base 12) in base 9?
-3
What is -1250 (base 6) in base 5?
-2233
-1 (base 8) to base 2
-1
Convert 2022 (base 4) to base 5.
1023
What is 21 (base 8) in base 15?
12
Convert -87 (base 10) to base 14.
-63
What is 201 (base 4) in base 3?
1020
What is -5 (base 13) in base 8?
-5
-49 (base 11) to base 14
-3b
0 (base 10) to base 8
0
Convert -142 (base 9) to base 7.
-230
What is 322 (base 5) in base 2?
1010111
What is -11 (base 5) in base 15?
-6
-22 (base 6) to base 16
-e
-14 (base 8) to base 16
-c
What is 21 (base 6) in base 12?
11
Convert 332 (base 5) to base 16.
5c
Convert 34 (base 12) to base 10.
40
What is 14 (base 8) in base 10?
12
What is 100010111 (base 2) in base 7?
546
4 (base 7) to base 9
4
-10100 (base 2) to base 14
-16
What is -200 (base 3) in base 8?
-22
Convert 122 (base 9) to base 13.
7a
Convert 32 (base 4) to base 3.
112
What is -63 (base 10) in base 12?
-53
105 (base 7) to base 15
39
What is 0 (base 8) in base 9?
0
What is 98 (base 12) in base 3?
11022
3 (base 7) to base 9
3
Convert -3211 (base 4) to base 8.
-345
Convert -1 (base 7) to base 3.
-1
What is -2 (base 5) in base 10?
-2
Convert 7 (base 13) to base 10.
7
-28 (base 9) to base 4
-122
Convert -2 (base 9) to base 16.
-2
What is 17 (base 9) in base 2?
10000
What is 13 (base 7) in base 16?
a
What is -62 (base 16) in base 3?
-10122
What is 17 (base 8) in base 2?
1111
Convert 27 (base 11) to base 5.
104
What is 1a (base 14) in base 6?
40
212 (base 3) to base 12
1b
Convert -5 (base 6) to base 16.
-5
-1f (base 16) to base 13
-25
Convert -25 (base 15) to base 14.
-27
Convert 0 (base 7) to base 4.
0
0 (base 12) to base 9
0
What is -7 (base 15) in base 8?
-7
1010 (base 2) to base 5
20
What is 242 (base 9) in base 15?
d5
2 (base 6) to base 4
2
Convert 1030 (base 4) to base 3.
2211
What is -17 (base 10) in base 5?
-32
76 (base 9) to base 12
59
What is -266 (base 10) in base 6?
-1122
Convert 2 (base 13) to base 7.
2
-362 (base 8) to base 15
-112
What is -2 (base 5) in base 7?
-2
What is -152 (base 6) in base 3?
-2112
What is -1001 (base 2) in base 13?
-9
520 (base 7) to base 15
124
Convert -1a (base 13) to base 2.
-10111
11 (base 9) to base 5
20
Convert 115 (base 7) to base 3.
2021
What is 13 (base 11) in base 12?
12
-f (base 16) to base 4
-33
1102 (base 4) to base 6
214
-8 (base 14) to base 9
-8
0 (base 2) to base 9
0
What is -109 (base 10) in base 2?
-1101101
What is -11 (base 4) in ba